
Let g(l) = 2*l**2 + 51*l - 30. Calculate g(-26).
-4
Let w(g) = 2*g - 24. Calculate w(9).
-6
Let b(t) = -t**2 + 7*t + 11. Give b(8).
3
Let j(y) = -y**3 - 9*y**2 + 7*y - 17. Give j(-10).
13
Let m(w) = w**3 + 26*w**2 + 24*w - 23. Give m(-25).
2
Let h(v) = -v**3 + 5*v**2 - v - 8. Determine h(4).
4
Let r(h) = h**2 - 1. Determine r(0).
-1
Let h(v) = 3*v + 7. Determine h(-4).
-5
Let p(c) = -c**2 - 21*c + 16. Give p(-23).
-30
Let k(z) = -36*z - 136. Determine k(-3).
-28
Let t(r) = -r**3 - 7*r**2 + 2*r + 7. What is t(-8)?
55
Let p(r) = r**2 + 70*r + 604. What is p(-60)?
4
Let u(a) = a**2 + 6*a + 3. Calculate u(-4).
-5
Let d(i) = -11*i + 230. What is d(21)?
-1
Let z(j) = j**3 - 34*j**2 - 34*j - 45. What is z(35)?
-10
Let a(u) = 4*u - 1. Give a(7).
27
Let u(z) = -14*z**3 + z**2 + z - 2. What is u(1)?
-14
Let u(d) = -d**3 - 21*d**2 - 25*d - 102. Calculate u(-20).
-2
Let s(v) = -2*v**3 + 15*v**2 + 9*v - 11. Determine s(8).
-3
Let k(o) = -4*o**2 - 3*o - 59. Give k(0).
-59
Let j(d) = 2*d**3 - 125*d**2 + 63*d - 59. Give j(62).
3
Let v(b) = -b + 15. Give v(-13).
28
Let x(d) = -d. Determine x(0).
0
Let r(k) = -k**3 + k**2 - k + 60. Give r(0).
60
Let m(h) = 3*h**3 - h - 3. Calculate m(4).
185
Let u(h) = -h**3 - 8*h**2 - h - 1. Give u(-7).
-43
Let y(l) = -3*l**2 + 35*l - 27. Give y(11).
-5
Let m(s) = s + 7. Give m(-8).
-1
Let j(x) = -x**3 - 4*x**2 + 9*x + 3. Give j(-7).
87
Let l(b) = -4*b**3 - 4*b**2 + 3*b - 1. Give l(2).
-43
Let o(w) = w**2 + w - 58. Determine o(-8).
-2
Let f(n) = 10*n - 101. Give f(13).
29
Let c(n) = 9*n + 43. What is c(-6)?
-11
Let v(r) = -4*r - 15. Determine v(-5).
5
Let v(k) = k**2 - 7*k - 2. Calculate v(7).
-2
Let o(f) = -f**2 + 11*f + 1. Determine o(11).
1
Let k(a) = 2*a**2 + 12*a - 16. Give k(-7).
-2
Let m(v) = v**3 + 6*v**2 - 3*v + 10. Give m(-7).
-18
Let k(b) = b**3 - 8*b**2 + 4*b - 14. Give k(6).
-62
Let d(h) = h**2 + 5*h - 28. Calculate d(-8).
-4
Let w(v) = -4*v**2 + 2*v + 7. Calculate w(-3).
-35
Let q(a) = -2*a - 18. Give q(0).
-18
Let z(u) = 2*u - 46. Determine z(-15).
-76
Let h(n) = -2*n - 10. Calculate h(0).
-10
Let n(j) = -3*j + 1. Give n(2).
-5
Let j(a) = a**3 + a - 2. Determine j(0).
-2
Let o(m) = -m**3 - 19*m**2 - 61*m - 3. Determine o(-4).
1
Let s(l) = 2*l**2 + 83*l + 48. Calculate s(-41).
7
Let s(l) = -54*l + 103. Give s(2).
-5
Let c(g) = 4*g + 61. What is c(-17)?
-7
Let h(y) = 9*y**3 + y**2 - 1. Determine h(1).
9
Let y(f) = f**3 - 11*f**2 + 27*f + 5. Calculate y(8).
29
Let p(g) = -g**2 + 34*g - 233. Determine p(25).
-8
Let o(v) = -v**2 + 4*v. Give o(6).
-12
Let d(s) = 23*s**3 + s**2 + 2*s + 2. What is d(-1)?
-22
Let g(s) = s + 12. Give g(-6).
6
Let k(c) = c**3 + 10*c**2 + 4*c + 39. Calculate k(-10).
-1
Let j(x) = -x**2 - 12*x - 2. What is j(-12)?
-2
Let y(r) = r - 3. Give y(-7).
-10
Let w(p) = p**2 - 29*p + 25. Determine w(28).
-3
Let w(s) = 36*s**3 + s**2 - s + 1. What is w(1)?
37
Let o(z) = -9*z + 12. Determine o(10).
-78
Let l(f) = f**3 - 9*f**2 + 14*f - 1. Give l(7).
-1
Let m(u) = -u**3 + 3*u**2 + 4*u - 3. What is m(5)?
-33
Let c(v) = v**3 + 27*v**2 + 24*v - 38. Calculate c(-26).
14
Let n(a) = a**3 + a**2 + 2*a - 2. Give n(-2).
-10
Let b(i) = i**3 - 7*i**2 - 5*i + 14. Give b(7).
-21
Let v(h) = h**3 - 9*h**2 + 9*h - 6. Determine v(7).
-41
Let q(f) = f + 16. Determine q(-21).
-5
Let k(d) = -d**2 + 15*d + 35. Give k(16).
19
Let g(v) = -2*v**3 - 13*v**2 - 9*v - 1. Give g(-6).
17
Let a(o) = -2*o + 65. Determine a(20).
25
Let q(l) = l**3 + 26*l**2 + 68*l - 24. Give q(-23).
-1
Let o(b) = 7*b + 10. Give o(-4).
-18
Let q(i) = -34*i**3 + 3*i**2 - 7*i + 5. What is q(1)?
-33
Let f(v) = -v**2 - 7*v + 3. Give f(-6).
9
Let s(q) = -q**2 + 7*q + 14. What is s(8)?
6
Let n(w) = -8*w - 64. Give n(-8).
0
Let r(u) = u**3 - 11*u**2 + 9*u + 14. Determine r(10).
4
Let j(p) = -3*p**2 - 28*p + 10. Give j(-9).
19
Let x(u) = u**3 - 13*u**2 + 22*u - 7. Calculate x(11).
-7
Let f(b) = -b**2 + b + 6. Give f(3).
0
Let v(t) = 42*t - 27. What is v(3)?
99
Let t(g) = 2*g - 25. What is t(13)?
1
Let v(t) = 8*t + 74. What is v(-10)?
-6
Let p(h) = h**2 + 5*h - 43. What is p(7)?
41
Let g(x) = 6*x - 1. What is g(1)?
5
Let f(q) = 3*q - 24. Calculate f(5).
-9
Let r(s) = -s**3 + 7*s**2 - 3. Determine r(7).
-3
Let k(d) = -d**2 - 14*d - 9. Give k(-10).
31
Let w(a) = -2*a**3 - 13*a**2 - 15*a - 5. Determine w(-4).
-25
Let o(f) = 2*f**3 + 9*f**2 + 8*f + 8. Determine o(-4).
-8
Let n(i) = 22*i - 91. What is n(5)?
19
Let v(d) = -7*d - 4. Determine v(-1).
3
Let k(d) = -d**2 + 21*d + 21. Determine k(22).
-1
Let f(o) = -o**2 - 2*o + 13. Calculate f(3).
-2
Let r(g) = g**3 + 4*g**2 + g + 9. Determine r(-3).
15
Let q(u) = -u**3 + 5*u**2 + 13*u + 16. Calculate q(7).
9
Let d(i) = -i**3 + 14*i**2 + 31*i + 16. Give d(16).
0
Let x(o) = 45*o + 9. Calculate x(1).
54
Let p(h) = 32*h + 413. Give p(-13).
-3
Let a(v) = 2*v**3 - 13*v**2 - 7*v + 8. Calculate a(7).
8
Let n(v) = v**2 + 10*v + 11. Calculate n(-8).
-5
Let x(j) = j - 24. Calculate x(29).
5
Let g(i) = -i**2 + 18*i - 6. Give g(5).
59
Let w(a) = -a**3 + 2*a**2 - 5. Calculate w(4).
-37
Let q(l) = -l**2 - 4*l + 1. Calculate q(-4).
1
Let j(n) = 2*n**2 + 2*n - 58. What is j(-7)?
26
Let h(t) = t**3 - 13*t**2 + 25*t - 24. Calculate h(11).
9
Let m(q) = -q**3 - 10*q**2 - 12*q + 12. Give m(-9).
39
Let t(c) = -4*c + 7. What is t(-9)?
43
Let k(l) = l**2 + 8*l. Determine k(-10).
20
Let z(m) = -2*m + 18. Give z(17).
-16
Let q(d) = -5*d**3 + d**2 + 2*d - 1. Give q(-2).
39
Let a(d) = -d**2 + 17*d - 50. What is a(12)?
10
Let d(s) = 5*s + 6. Calculate d(0).
6
Let x(c) = -17*c**3 + c**2 - 1. What is x(1)?
-17
Let t(g) = -g**2 - 11*g + 13. Determine t(-12).
1
Let o(y) = y**3 - 13*y**2 - y + 23. Calculate o(12).
-133
Let k(a) = 7*a - 4. What is k(5)?
31
Let o(l) = l**3 + 3*l**2 - 10*l + 2. Calculate o(-5).
2
Let u(i) = 2*i**2 - 2*i - 23. Give u(4).
1
Let l(n) = -n**3 - 7*n**2 + 10*n - 11. What is l(-9)?
61
Let m(p) = -p**2 - 61*p - 173. What is m(-58)?
1
Let s(g) = -6*g - 17. Determine s(4).
-41
Let p(x) = -29*x + 11. Determine p(1).
-18
Let n(i) = i**2 + 6*i + 2. Calculate n(-7).
9
Let x(q) = -q**2 - q + 1. Calculate x(3).
-11
Let n(a) = -a - 24. Determine n(-7).
-17
Let b(r) = -r - 19. Determine b(-13).
-6
Let t(j) = j - 1. What is t(4)?
3
Let a(z) = -2*z**2 - 58*z - 297. What is a(-7)?
11
Let t(o) = o**2 + 47*o + 103. What is t(-45)?
13
Let v(k) = -3*k - 26. What is v(-7)?
-5
Let l(i) = i + 10. Give l(-18).
-8
Let t(n) = 2*n**2 - 20*n - 6. Give t(10).
-6
Let x(d) = 17*d + 3. Determine x(-1).
-14
Let w(o) = -o**2 + 9*o - 17. Give w(5).
3
Let n(y) = -y**3 - 6*y**2 + y + 1. Give n(-6).
-5
Let g(l) = 39*l + 117. Calculate g(-3).
0
Let j(d) = 5*d + 44. Calculate j(-11).
-11
Let g(k) = -26*k**3 + k**2. What is g(1)?
-25
Let t(v) = v**2 - 11*v - 10. Determine t(12).
2
Let f(a) = -3*a - 45. What is f(-16)?
3
Let v(f) = f**2 - 85. Give v(-9).
-4
Let s(r) = -r**2 - 4. What is s(3)?
-13
Let k(d) = 40*d - 123. Give k(3).
-3
Let n(g) = 32*g + 1. Calculate n(2).
65
Let z(s) = -s**2 + 11*s. Give z(11).
0
Let n(s) = -2*s + 26. Calculate n(-15).
56
Let o(j) = j - 5. Determine o(8).
3
Let g(o) = -o**3 - 9*o**2 + 50*o + 449. Give g(-7).
1
Let s(r) = -r**2 + 2*r + 2. What is s(-2)?
-6
Let q(a) = a**3 + 13*a**2 + 24*a + 26. What is q(-11)?
4
Let o(j) = -14*j**2 + 53*j + 15. Determine o(4).
3
Let t(v) = 3*v**3 + 6*v**2 + 7*v - 5. What is t(-4)?
-129
Let h(d) = -d**2 - 10*d - 19. Calculate h(-6).
5
Let g(t) = -4*t**2 - t + 3. What is g(-2)?
-11
Let q(s) = -s**3 - 14*s**2 - s - 12. Calculate q(-14).
2
Let o(q) = q**3 + 5*q**2 + 3*q - 6. What is o(-2)?
0
Let j(r) = -6*r**3 - 2*r + 1. Determine j(1).
-7
Let t(g) = -41*g**2 - 1. Calculate t(-1).
-42
Let u(n) = -2*n**2 - 6*n + 6. Give u(4).
-50
Let n(a) = a**3 - 12*a**2 + 37*a - 10. Determine n(7).
4
Let t(q) = -4*q + 143. Give t(39).
-13
Let p(s) = s + 13. Give p(-8).
5
Let i(j) = -18*j - 57. Give i(-10).
123
Let j(l) = l + 19. Give j(-13).
6
Let h(t) = t**3 - 2*t**2 - 7*t + 16. Give h(3).
4
Let o(c) = 5*c**2 - 1. Determine o(-1).
4
Let a(p) = -p**3 - 4*p**2 + 6*p + 9. Calculate a(-5).
4
Let k(c) = -3*c**3 + 16*c**2 + 10*c + 7. Determine k(6).
-5
Let g(z) = -17*z + 10. Give g(4).
-58
Let t(v) = v**3 + 14*v**2 - 14*v + 16. What is t(-15)?
1
Let u(o) = o + 14. What is u(-7)?
7
Let m(r) = r**2 + 7*r - 18. Give m(-9).
0
Let 